39
What is the remainder when 250 is divided by 16?
10
Calculate the remainder when 853 is divided by 9.
7
Calculate the remainder when 349 is divided by 70.
69
What is the remainder when 662 is divided by 42?
32
Calculate the remainder when 681 is divided by 33.
21
What is the remainder when 194 is divided by 15?
14
What is the remainder when 11622 is divided by 75?
72
Calculate the remainder when 327 is divided by 88.
63
Calculate the remainder when 390 is divided by 178.
34
Calculate the remainder when 270 is divided by 21.
18
Calculate the remainder when 1390 is divided by 16.
14
What is the remainder when 180 is divided by 61?
58
What is the remainder when 86 is divided by 73?
13
What is the remainder when 80 is divided by 14?
10
Calculate the remainder when 5473 is divided by 161.
160
Calculate the remainder when 589 is divided by 4.
1
What is the remainder when 757 is divided by 189?
1
Calculate the remainder when 551 is divided by 41.
18
What is the remainder when 26042 is divided by 34?
32
Calculate the remainder when 208 is divided by 58.
34
What is the remainder when 1723 is divided by 115?
113
What is the remainder when 111 is divided by 27?
3
Calculate the remainder when 1890 is divided by 458.
58
Calculate the remainder when 346 is divided by 117.
112
What is the remainder when 1155 is divided by 13?
11
What is the remainder when 1915 is divided by 20?
15
What is the remainder when 2489 is divided by 169?
123
What is the remainder when 1129 is divided by 10?
9
Calculate the remainder when 40 is divided by 26.
14
What is the remainder when 704 is divided by 169?
28
What is the remainder when 2322 is divided by 138?
114
What is the remainder when 29843 is divided by 18?
17
What is the remainder when 1701 is divided by 1691?
10
Calculate the remainder when 559 is divided by 181.
16
What is the remainder when 481 is divided by 62?
47
What is the remainder when 636 is divided by 37?
7
What is the remainder when 2010 is divided by 38?
34
Calculate the remainder when 501 is divided by 36.
33
What is the remainder when 217 is divided by 50?
17
Calculate the remainder when 518 is divided by 116.
54
Calculate the remainder when 124 is divided by 55.
14
What is the remainder when 4064 is divided by 52?
8
Calculate the remainder when 57 is divided by 16.
9
What is the remainder when 398 is divided by 5?
3
Calculate the remainder when 198 is divided by 93.
12
Calculate the remainder when 80 is divided by 11.
3
What is the remainder when 332 is divided by 103?
23
What is the remainder when 1102 is divided by 62?
48
What is the remainder when 507 is divided by 391?
116
Calculate the remainder when 1284 is divided by 165.
129
What is the remainder when 1892 is divided by 472?
4
Calculate the remainder when 67 is divided by 22.
1
What is the remainder when 998 is divided by 144?
134
What is the remainder when 613 is divided by 11?
8
Calculate the remainder when 22 is divided by 16.
6
Calculate the remainder when 214 is divided by 18.
16
What is the remainder when 1152 is divided by 5?
2
Calculate the remainder when 244 is divided by 82.
80
What is the remainder when 975 is divided by 89?
85
What is the remainder when 790 is divided by 88?
86
What is the remainder when 923 is divided by 187?
175
Calculate the remainder when 234 is divided by 79.
76
What is the remainder when 214 is divided by 44?
38
What is the remainder when 447 is divided by 25?
22
What is the remainder when 517 is divided by 106?
93
What is the remainder when 3875 is divided by 76?
75
What is the remainder when 136 is divided by 6?
4
Calculate the remainder when 1308 is divided by 189.
174
Calculate the remainder when 4012 is divided by 16.
12
Calculate the remainder when 625 is divided by 45.
40
Calculate the remainder when 68 is divided by 21.
5
Calculate the remainder when 467 is divided by 226.
15
What is the remainder when 255 is divided by 30?
15
Calculate the remainder when 730 is divided by 187.
169
Calculate the remainder when 493 is divided by 171.
151
What is the remainder when 2300 is divided by 12?
8
What is the remainder when 341 is divided by 5?
1
Calculate the remainder when 469 is divided by 8.
5
What is the remainder when 321 is divided by 69?
45
Calculate the remainder when 4700 is divided by 28.
24
What is the remainder when 117 is divided by 69?
48
What is the remainder when 696 is divided by 101?
90
What is the remainder when 174 is divided by 48?
30
Calculate the remainder when 720 is divided by 41.
23
Calculate the remainder when 157 is divided by 28.
17
What is the remainder when 313 is divided by 79?
76
What is the remainder when 27922 is divided by 156?
154
What is the remainder when 4596 is divided by 2284?
28
What is the remainder when 323 is divided by 103?
14
What is the remainder when 14254 is divided by 16?
14
Calculate the remainder when 88 is divided by 15.
13
What is the remainder when 641 is divided by 149?
45
What is the remainder when 157 is divided by 40?
37
What is the remainder when 72 is divided by 69?
3
What is the remainder when 266 is divided by 85?
11
What is the remainder when 414 is divided by 89?
58
What is the remainder when 779 is divided by 133?
114
What is the remainder when 55 is divided by 41?
14
What is the remainder when 232 is divided by 35?
22
Calculate the remainder when 2056 is divided by 29.
26
Calculate the remainder when 138 is divided by 35.
33
Calculate the remainder when 216 is divided by 14.
6
What is the remainder when 1373 is divided by 115?
108
Calculate the remainder when 5745 is divided by 30.
15
What is the remainder when 533 is divided by 104?
13
Calculate the remainder when 312 is divided by 21.
18
Calculate the remainder when 5621 is divided by 401.
7
What is the remainder when 140 is divided by 67?
6
Calculate the remainder when 1109 is divided by 321.
146
What is the remainder when 594 is divided by 37?
2
What is the remainder when 1425 is divided by 423?
156
Calculate the remainder when 6033 is divided by 431.
430
Calculate the remainder when 349 is divided by 62.
39
Calculate the remainder when 1071 is divided by 316.
123
What is the remainder when 257 is divided by 145?
112
Calculate the remainder when 467 is divided by 12.
11
What is the remainder when 2343 is divided by 17?
14
What is the remainder when 6719 is divided by 210?
209
Calculate the remainder when 1105 is divided by 9.
7
Calculate the remainder when 8676 is divided by 2891.
3
Calculate the remainder when 1412 is divided by 44.
4
Calculate the remainder when 228 is divided by 31.
11
Calculate the remainder when 217 is divided by 51.
13
Calculate the remainder when 987 is divided by 183.
72
Calculate the remainder when 60 is divided by 16.
12
Calculate the remainder when 631 is divided by 24.
7
What is the remainder when 39 is divided by 21?
18
What is the remainder when 7422 is divided by 33?
30
Calculate the remainder when 447 is divided by 8.
7
Calculate the remainder when 208 is divided by 53.
49
Calculate the remainder when 578 is divided by 187.
17
What is the remainder when 991 is divided by 48?
31
Calculate the remainder when 217 is divided by 22.
19
Calculate the remainder when 211 is divided by 74.
63
What is the remainder when 258 is divided by 22?
16
What is the remainder when 1019 is divided by 34?
33
Calculate the remainder when 410 is divided by 101.
6
What is the remainder when 11647 is divided by 233?
230
Calculate the remainder when 1713 is divided by 214.
1
What is the remainder when 590 is divided by 190?
20
Calculate the remainder when 187 is divided by 19.
16
Calculate the remainder when 1022 is divided by 56.
14
Calculate the remainder when 248 is divided by 1.
0
What is the remainder when 54954 is divided by 145?
144
What is the remainder when 960 is divided by 18?
6
What is the remainder when 660 is divided by 316?
28
Calculate the remainder when 389 is divided by 49.
46
What is the remainder when 559 is divided by 30?
19
Calculate the remainder when 25 is divided by 9.
7
What is the remainder when 86 is divided by 27?
5
What is the remainder when 195 is divided by 56?
27
What is the remainder when 434 is divided by 135?
29
Calculate the remainder when 919 is divided by 95.
64
What is the remainder when 2